t b = -324 - -815. What is the hundreds digit of b?
4
Let g(n) = n**2 - 12*n - 6. Let v be g(9). What is the tens digit of -30*(-4)/((-36)/v)?
1
Suppose 0 = j + 894 - 4414. What is the tens digit of j?
2
Let w(d) = 66*d**2 - 6*d + 44. What is the hundreds digit of w(-7)?
3
Let v = 20 - -2. Suppose -2*d - 16 = 2*k, 2*d + 6 + v = 4*k. Let y = d + 49. What is the units digit of y?
9
Let l be (4/(-6))/(2/(-3)). What is the tens digit of 2 + l + 3*(-492)/(-9)?
6
Let h = 42 + -37. Suppose -134 = -h*s + 3*s. What is the tens digit of s?
6
Let c = -32 - -71. Let r = c + -21. Let t(y) = y**2 - 15*y - 7. What is the units digit of t(r)?
7
Let c = 1230 + -743. What is the units digit of c?
7
Let o(f) be the second derivative of -f**4/6 + f**3/6 + 71*f**2/2 - 5*f. What is the units digit of o(0)?
1
Suppose 0 = b - 5*r - 1287, -4*r = -2*b + 594 + 1998. What is the thousands digit of b?
1
Let d(s) = -s**3 - 6*s**2 + s + 8. Let c be d(-6). Let z = 7 - c. Suppose z*q - 8 = q. What is the units digit of q?
2
Let a be 1*-1 - ((5 - 10) + 3). Suppose -n = a - 6. What is the units digit of n?
5
Let q be 1/(0 + 2/6). Let a(l) = l**3 - 3*l**2 - 21*l + 17. Let i be a(7). Suppose 0 = w - q*w + i. What is the units digit of w?
3
Let j(l) = l**2 + 19*l. Let d be j(-14). Let y = d - -151. What is the units digit of y?
1
Let o(w) = -w**2 + 13*w - 35. Let z be o(8). Suppose 5*b + 5 = 0, -3*d = -z*d + 5*b + 71. What is the units digit of d?
3
Suppose 5*q = 8 + 7. Suppose 0*a - q*a - 9 = 0. Let x = a - -13. What is the units digit of x?
0
Suppose 0 = 12*i - 15*i + 15. Suppose -i*s + 223 = -247. What is the tens digit of s?
9
Let v(x) = x - 3. Let a be (-3)/(-9) + 8/3. Let z be v(a). Suppose 3*m + 4*q - 3*q = 47, z = 2*m + 3*q - 36. What is the tens digit of m?
1
Let p = 54 - 153. Let u = 151 + p. What is the units digit of u?
2
Suppose -392*y - 4851 = -401*y. What is the hundreds digit of y?
5
Suppose 21*i - 23*i = -12. What is the units digit of (-18)/12 + 369/i?
0
Suppose 0 = -4*m - 4*l + 1420, -2*l + 1763 = 6*m - m. Let o be m/21 + 6/21. Let g(p) = -p**3 + 18*p**2 - 16*p + 25. What is the units digit of g(o)?
2
Let m = -31 + 35. Suppose 2*o = 4*f - m, -2*f + 0*f + 38 = 5*o. What is the units digit of o?
6
Let r(b) = 77*b**2 - 3*b + 1. Let x be r(2). Suppose -3*d - 3 = -x. Suppose 5*v + 3*i = 95, -5*v + 2*i + d = 6*i. What is the tens digit of v?
1
Suppose -3*f = -3*g + 1715 + 1273, 4*g = 5*f + 3988. What is the units digit of g?
2
Let g(n) = n**3 + 5*n**2 - 3*n - 7. Let a be g(-5). Suppose a*r + 11*r = 4465. What is the units digit of r?
5
Let c(s) = s**2 - 14 + 10*s + 7*s - 2*s**2. Let b = 19 + -6. What is the units digit of c(b)?
8
Suppose 424 = -6*j + 8*j. What is the hundreds digit of j?
2
Suppose -4*j - 6*y - 52 = -y, -5*j = -y + 36. Let m = j - -57. Suppose 2*b - m - 53 = 0. What is the units digit of b?
1
Let w(m) = m**3 + 13*m**2 + 12*m + 2. Suppose -i + 0*i = 12. Let d be w(i). Suppose -3*f + 4*n + 49 = -0*n, 2*f + d*n = 56. What is the units digit of f?
3
What is the tens digit of (-2262)/(-9) + 6 + (-133)/21?
5
Let z(u) = -1804*u - 5. What is the hundreds digit of z(-1)?
7
Suppose 0 = -7*w + 896 - 168. What is the tens digit of w + (-1 - 4) - (-4)/(-2)?
9
Let u = 66 - 46. Let m be (-8)/u - 27/(-5). Suppose -178 = -m*x + 27. What is the units digit of x?
1
Suppose -5 = -5*t + 15, 2*t = -3*s + 62. Suppose -s*r + 13*r = -770. What is the tens digit of r?
5
Let g(p) = -p**3 + 2*p**2 + 10*p - 4. Let a be g(-5). Suppose -2*l - 378 = -3*d - 10, l + a = d. What is the tens digit of d?
2
Let h be (-13)/(260/(-56))*(-6 + 1). Let b(i) = -i**3 - 13*i**2 + 3*i - 22. What is the tens digit of b(h)?
3
Suppose -d + 0*v - 25 = 5*v, -5*v = 4*d + 70. What is the tens digit of 100/(-15)*126/d?
5
Let i(p) = -p**3 + 26*p**2 - 22*p - 60. What is the units digit of i(25)?
5
Let m be (-4 - 18/(-4))*10. Suppose -5*g + 2*g - 155 = -m*j, j - 4*g - 14 = 0. What is the tens digit of j?
3
Let a(o) = -477*o**3 - 3*o**2 + o + 9. What is the thousands digit of a(-2)?
3
Let n(y) = -y**2 - 9*y + 16. Suppose 13*v + 14 = 11*v. What is the units digit of n(v)?
0
Suppose 2*a + 2564 = 4*o + 4*a, 4*o + 3*a = 2564. What is the units digit of o?
1
Let d(k) = -k**2 - 3*k + 5. Let t be d(-4). What is the tens digit of 28/(t + -1 + 2)?
1
Suppose 24 = -y + 3*y. Let i = 29 - 29. Suppose i = 4*k - 12 - y. What is the units digit of k?
6
Suppose -s = 4*n - 529 + 56, 1436 = 3*s - 5*n. What is the hundreds digit of s?
4
Let b(r) = 4*r - 12. Let c be b(6). Let y be ((-2)/(8/c))/(-1). Suppose 5*k + 13 = -y*h, 0 = h - 6*h - k + 15. What is the units digit of h?
4
Let w(v) = -2 - 1 + v**2 - 2 + 8*v**2. Let j be w(2). Suppose 2*g - 3*f = 2*f + 14, 3*g - 5*f - j = 0. What is the tens digit of g?
1
What is the hundreds digit of (-9 - (-2008 + 5)) + 10?
0
Suppose 7*j - 5 = 2*j, 0 = -5*d + 3*j + 37. Let q(o) = 2*o**2 - o + 31. What is the units digit of q(d)?
1
Let h(f) = -83*f - 21. What is the tens digit of h(-1)?
6
What is the thousands digit of 3/(-4)*8 + 1511 + -2?
1
Let g(y) = y**2 + 6*y - 65. What is the tens digit of g(13)?
8
What is the tens digit of ((-144)/84)/(3/(-2121))?
1
Suppose y - 6 = 48. Suppose 276 = 3*i + y. What is the units digit of i?
4
Let x(o) = 4*o + 7. Let a be x(16). Suppose 2*l - 3*u = 157, -l + 4*u = -0*l - a. What is the units digit of l?
3
Let n(v) = 2*v**2 + 2*v. Let i be n(-3). Let c = 199 + -188. Let d = i - c. What is the units digit of d?
1
Suppose 3*d - 39 - 37 = -4*a, d - 84 = -5*a. What is the units digit of 71*4*4/a?
1
Let s(y) = y**2 - 6*y + 5. Let r be s(-7). Let q = r - 51. What is the units digit of q?
5
What is the units digit of (-4 - -2)*(-2 - -5 - 18)?
0
Let j(g) = 3*g - 12. Let i be j(-6). What is the tens digit of 29/3 + (i/(-18))/5?
1
Let x(g) = -105*g + g**3 + 112*g - 20 + 7*g**2 + 25. Suppose -q + 4*f = 2*q + 23, 0 = q - 3*f + 11. What is the tens digit of x(q)?
2
Suppose -3*c - c + 8 = 0. Suppose m = -0 + c. What is the units digit of 49 + -3 - 2/m?
5
Suppose -6 = -12*v + 6. What is the tens digit of (0 - (-178)/v) + (9 - 8)?
7
Suppose -4*j + j = -18. Let m be (j - 5)/((-2)/2). What is the units digit of m + (-1)/((-2)/12)?
5
Let q(t) = -141*t - 11. Let i be q(-4). Suppose -7*z + 0*z = -i. What is the tens digit of z?
7
Suppose -17*l + 31862 = -10587. What is the tens digit of l?
9
Let m = 515 - 510. Let n(h) = -4 + 0*h**3 + 9 - h**3 + 5*h**2. What is the units digit of n(m)?
5
Let f = -4 - 14. Let w be ((-30)/f)/(2/90). Let z = w - 38. What is the tens digit of z?
3
Suppose -5*w = -11*w + 36. Suppose -2*p + w*p - 921 = -5*c, -3*p - 2*c = -682. What is the hundreds digit of p?
2
Let u(r) = 11*r**3 - 25*r**2 - 5*r + 18. What is the hundreds digit of u(6)?
4
Suppose 78*w - 58*w = 5860. What is the hundreds digit of w?
2
What is the units digit of (-1)/((-3)/223) + 44/(-132)?
4
Let y(v) = v + 1. Let j(f) = 36*f - 1. Let l(t) = -j(t) - 2*y(t). What is the units digit of l(-2)?
5
What is the hundreds digit of (-4)/144*-6 - 13155/(-18)?
7
Let p(j) = 2*j**2 - 24*j + 38. Let z be (-24)/(-2) - 2*-2. Let d be p(z). Suppose -3*m = -11 - d. What is the units digit of m?
9
Let p(k) = -14*k**3 + 7*k**3 - 17*k + 6*k**3 + 4 - 13*k**2 - 8*k. What is the hundreds digit of p(-12)?
1
Suppose -12 = 3*i - 27. Suppose v - 3 = b + 20, -4*v - i*b + 92 = 0. What is the units digit of v?
3
Suppose 3*q - 196 - 2702 = 0. What is the tens digit of q?
6
Suppose i = 5*c + 10, -4*i + 6*i = 5*c. What is the tens digit of 424/10 - (-4)/i?
4
Let c(n) = 15*n**2 - 11*n + 8. What is the units digit of c(6)?
2
Let d(g) = -4*g - 27. Let q be d(-16). Suppose -6*z - q = -7*z. What is the tens digit of (-3 + 5 - 1)*z?
3
Suppose 8*x = 4057 + 2231. What is the tens digit of x?
8
Let u = 254 + 51. Suppose u = 8*x - 3*x. Suppose 2*q - 1 = x. What is the units digit of q?
1
Let a(j) = 4*j + 6. Suppose -6*u = -11*u + 15. Let d be 10/u - (-2)/3. What is the tens digit of a(d)?
2
Let q(f) = 166*f**3 - 11*f - 2. What is the tens digit of q(3)?
4
Let w(s) be the first derivative of s**3/3 - s**2/2 - 6*s + 13. Let i be w(3). Suppose p - 2*n = -0*p + 19, i = -5*p + 4*n + 83. What is the units digit of p?
5
Let h(p) = 4*p**3 - p**2 - 2*p + 3. Let r be h(1). Suppose -2*g = r*g - 492. What is the tens digit of g?
8
Let k